n divisor of 22 and 3674?
22
What is the greatest common divisor of 88 and 3014?
22
What is the greatest common factor of 106 and 1378?
106
What is the highest common factor of 1975 and 2?
1
What is the greatest common divisor of 51 and 6715?
17
Calculate the highest common divisor of 26 and 14.
2
Calculate the highest common divisor of 42 and 63.
21
Calculate the highest common divisor of 4635 and 3.
3
Calculate the highest common divisor of 12 and 138.
6
What is the highest common factor of 152 and 15010?
38
What is the highest common factor of 400 and 560?
80
What is the highest common factor of 60 and 16180?
20
What is the highest common divisor of 945 and 714?
21
Calculate the highest common factor of 87 and 493.
29
What is the greatest common divisor of 416 and 377?
13
Calculate the highest common factor of 101 and 3737.
101
Calculate the highest common factor of 224 and 6692.
28
What is the greatest common factor of 408 and 16?
8
Calculate the highest common divisor of 267 and 12.
3
Calculate the greatest common divisor of 2112 and 297.
33
What is the greatest common factor of 10 and 1370?
10
Calculate the greatest common divisor of 33 and 528.
33
What is the highest common divisor of 3300 and 55?
55
Calculate the highest common divisor of 8 and 776.
8
What is the greatest common divisor of 70 and 1?
1
What is the highest common factor of 126 and 798?
42
Calculate the highest common divisor of 3 and 281.
1
What is the highest common factor of 26 and 9074?
26
What is the greatest common factor of 962 and 74?
74
Calculate the greatest common divisor of 348 and 609.
87
What is the greatest common factor of 50 and 125?
25
Calculate the greatest common factor of 234 and 416.
26
Calculate the highest common factor of 1449 and 3591.
63
What is the highest common divisor of 17784 and 36?
36
What is the highest common factor of 234 and 12?
6
What is the greatest common divisor of 9315 and 4455?
405
What is the greatest common divisor of 22 and 12287?
11
What is the greatest common divisor of 2 and 21?
1
What is the greatest common factor of 21 and 1022?
7
Calculate the highest common divisor of 28 and 14.
14
Calculate the greatest common divisor of 50 and 570.
10
Calculate the greatest common divisor of 59295 and 201.
201
What is the greatest common factor of 75 and 30?
15
Calculate the greatest common factor of 9436 and 56.
28
Calculate the greatest common divisor of 18730 and 30.
10
Calculate the highest common factor of 165 and 60.
15
What is the highest common factor of 598 and 104?
26
Calculate the highest common factor of 117 and 39.
39
What is the greatest common factor of 20 and 205?
5
Calculate the highest common factor of 213 and 15.
3
What is the highest common divisor of 720 and 729?
9
What is the highest common divisor of 32 and 800?
32
Calculate the greatest common divisor of 5106 and 4218.
222
Calculate the greatest common factor of 280 and 40.
40
What is the greatest common factor of 864 and 12?
12
Calculate the greatest common factor of 120 and 36.
12
What is the greatest common factor of 8064 and 42?
42
What is the greatest common divisor of 456 and 494?
38
What is the highest common factor of 155 and 130?
5
What is the highest common divisor of 917 and 63?
7
Calculate the greatest common factor of 247 and 13.
13
What is the greatest common divisor of 10 and 12?
2
Calculate the greatest common factor of 130 and 30.
10
Calculate the highest common divisor of 96 and 2928.
48
Calculate the greatest common divisor of 3 and 183.
3
Calculate the greatest common factor of 100 and 160.
20
Calculate the highest common factor of 221 and 2720.
17
Calculate the highest common factor of 10241 and 231.
77
What is the greatest common factor of 23 and 5359?
23
Calculate the greatest common divisor of 46 and 2806.
46
Calculate the highest common divisor of 1043 and 1192.
149
What is the highest common divisor of 960 and 48?
48
Calculate the highest common divisor of 39 and 1105.
13
Calculate the highest common factor of 16867 and 202.
101
Calculate the greatest common divisor of 1190 and 2720.
170
What is the highest common divisor of 1690 and 10?
10
What is the highest common divisor of 425 and 34?
17
Calculate the highest common factor of 481 and 111.
37
What is the highest common divisor of 24 and 32?
8
Calculate the greatest common factor of 3717 and 21.
21
Calculate the greatest common factor of 340 and 255.
85
Calculate the greatest common factor of 5841 and 561.
33
What is the greatest common factor of 116 and 14732?
116
What is the highest common divisor of 48 and 237?
3
What is the highest common divisor of 34134 and 12?
6
What is the highest common divisor of 360 and 45?
45
What is the highest common divisor of 115 and 1219?
23
What is the highest common divisor of 5 and 3505?
5
What is the highest common factor of 12221 and 101?
101
Calculate the highest common factor of 28 and 112.
28
Calculate the greatest common factor of 402 and 6.
6
Calculate the highest common factor of 496 and 56.
8
What is the highest common divisor of 25 and 110?
5
Calculate the highest common factor of 123 and 615.
123
What is the greatest common divisor of 267 and 89?
89
Calculate the highest common factor of 6550 and 200.
50
What is the highest common divisor of 3568 and 4237?
223
What is the greatest common divisor of 270 and 10?
10
What is the greatest common factor of 735 and 10?
5
What is the highest common factor of 192 and 12?
12
What is the highest common factor of 1020 and 40?
20
Calculate the highest common factor of 3380 and 40.
20
What is the greatest common factor of 729 and 162?
81
What is the highest common factor of 2753 and 2?
1
Calculate the greatest common factor of 13 and 377.
13
What is the greatest common factor of 33 and 99?
33
Calculate the greatest common divisor of 90 and 210.
30
Calculate the highest common factor of 406 and 29.
29
What is the highest common divisor of 9821 and 183?
61
What is the greatest common divisor of 458 and 2?
2
What is the greatest common factor of 63 and 84?
21
What is the highest common factor of 46 and 1633?
23
Calculate the greatest common factor of 1281 and 8113.
427
What is the highest common divisor of 608 and 2736?
304
What is the highest common factor of 567 and 3?
3
What is the greatest common factor of 670 and 2546?
134
Calculate the highest common divisor of 322 and 46.
46
Calculate the highest common divisor of 618 and 162.
6
Calculate the greatest common divisor of 35 and 1645.
35
Calculate the greatest common divisor of 4 and 54.
2
Calculate the highest common factor of 11303 and 889.
127
What is the highest common factor of 17 and 1?
1
What is the highest common factor of 21 and 7?
7
What is the greatest common divisor of 5 and 1040?
5
What is the highest common factor of 55 and 385?
55
Calculate the highest common factor of 42 and 93.
3
Calculate the highest common divisor of 720 and 336.
48
What is the highest common factor of 2893 and 22?
11
Calculate the greatest common divisor of 4968 and 81.
27
Calculate the greatest common factor of 5916 and 406.
58
Calculate the greatest common factor of 8901 and 63.
9
What is the greatest common divisor of 98 and 6125?
49
Calculate the highest common divisor of 44 and 328.
4
Calculate the highest common factor of 40 and 640.
40
Calculate the greatest common factor of 19 and 817.
19
What is the greatest common divisor of 333 and 18?
9
What is the greatest common factor of 177 and 236?
59
What is the greatest common divisor of 24 and 104?
8
What is the highest common factor of 1372 and 84?
28
What is the greatest common factor of 633 and 4220?
211
What is the greatest common divisor of 54 and 6?
6
Calculate the highest common divisor of 4559 and 94.
47
Calculate the greatest common factor of 104 and 728.
104
What is the highest common factor of 6 and 95826?
6
Calculate the highest common factor of 196 and 4998.
98
What is the highest common divisor of 180 and 288?
36
What is the greatest common divisor of 105 and 63?
21
What is the greatest common divisor of 64 and 248?
8
Calculate the highest common divisor of 1177 and 704.
11
What is the greatest common factor of 203 and 493?
29
What is the highest common factor of 23 and 1472?
23
Calculate 